{"id":69,"date":"2017-07-06T13:40:15","date_gmt":"2017-07-06T13:40:15","guid":{"rendered":"http:\/\/wp1.stein-fischer.de\/?page_id=69"},"modified":"2025-03-11T14:37:59","modified_gmt":"2025-03-11T13:37:59","slug":"schloss-schwerin","status":"publish","type":"page","link":"https:\/\/stein-fischer.de\/?page_id=69","title":{"rendered":"Schloss Schwerin"},"content":{"rendered":"<div id=\"pl-69\" class=\"panel-layout\">\n<div id=\"pg-69-0\" class=\"panel-grid panel-no-style\" data-style=\"{&quot;background_display&quot;:&quot;tile&quot;,&quot;cell_alignment&quot;:&quot;flex-start&quot;}\">\n<div id=\"pgc-69-0-0\" class=\"panel-grid-cell\" data-weight=\"1\">\n<div id=\"panel-69-0-0-0\" class=\"so-panel widget widget_metaslider_widget panel-first-child panel-last-child\" data-index=\"0\" data-style=\"{&quot;widget_css&quot;:&quot;max-width:800px;\\nmargin:0 auto;&quot;,&quot;background_display&quot;:&quot;tile&quot;}\">\n<div><\/div>\n<div class=\"panel-widget-style panel-widget-style-for-69-0-0-0\"><div id=\"metaslider-id-203\" style=\"max-width: 800px;\" class=\"ml-slider-3-96-0 metaslider metaslider-flex metaslider-203 ml-slider ms-theme-default\" role=\"region\" aria-roledescription=\"Slideshow\" aria-label=\"Schwerin\">\n    <div id=\"metaslider_container_203\">\n        <div id=\"metaslider_203\">\n            <ul class='slides'>\n                <li style=\"display: block; width: 100%;\" class=\"slide-204 ms-image \" aria-roledescription=\"slide\" aria-label=\"slide-204\" data-date=\"2017-04-27 12:13:36\"><img loading=\"lazy\" decoding=\"async\" src=\"https:\/\/stein-fischer.de\/wp-content\/uploads\/2017\/04\/5-800x600.jpg\" height=\"600\" width=\"800\" alt=\"\" class=\"slider-203 slide-204\" \/><\/li>\n                <li style=\"display: none; width: 100%;\" class=\"slide-205 ms-image \" aria-roledescription=\"slide\" aria-label=\"slide-205\" data-date=\"2017-04-27 12:13:46\"><img loading=\"lazy\" decoding=\"async\" src=\"https:\/\/stein-fischer.de\/wp-content\/uploads\/2017\/04\/4-741x556.jpg\" height=\"600\" width=\"800\" alt=\"\" class=\"slider-203 slide-205\" \/><\/li>\n                <li style=\"display: none; width: 100%;\" class=\"slide-206 ms-image \" aria-roledescription=\"slide\" aria-label=\"slide-206\" data-date=\"2017-04-27 12:14:00\"><img loading=\"lazy\" decoding=\"async\" src=\"https:\/\/stein-fischer.de\/wp-content\/uploads\/2017\/04\/3.jpg\" height=\"600\" width=\"800\" alt=\"\" class=\"slider-203 slide-206\" \/><\/li>\n                <li style=\"display: none; width: 100%;\" class=\"slide-207 ms-image \" aria-roledescription=\"slide\" aria-label=\"slide-207\" data-date=\"2017-04-27 12:14:12\"><img loading=\"lazy\" decoding=\"async\" src=\"https:\/\/stein-fischer.de\/wp-content\/uploads\/2017\/04\/1-402x302.jpg\" height=\"600\" width=\"800\" alt=\"\" class=\"slider-203 slide-207\" \/><\/li>\n                <li style=\"display: none; width: 100%;\" class=\"slide-208 ms-image \" aria-roledescription=\"slide\" aria-label=\"slide-208\" data-date=\"2017-04-27 12:14:21\"><img loading=\"lazy\" decoding=\"async\" src=\"https:\/\/stein-fischer.de\/wp-content\/uploads\/2017\/04\/2.jpg\" height=\"600\" width=\"800\" alt=\"\" class=\"slider-203 slide-208\" \/><\/li>\n            <\/ul>\n        <\/div>\n        \n    <\/div>\n<\/div><\/div>\n<\/div>\n<\/div>\n<\/div>\n<div id=\"pg-69-1\" class=\"panel-grid panel-no-style\" data-style=\"{&quot;background_display&quot;:&quot;tile&quot;,&quot;cell_alignment&quot;:&quot;flex-start&quot;}\">\n<div id=\"pgc-69-1-0\" class=\"panel-grid-cell\" data-weight=\"1\">\n<div id=\"panel-69-1-0-0\" class=\"so-panel widget widget_text panel-first-child panel-last-child\" data-index=\"1\" data-style=\"{&quot;widget_css&quot;:&quot;max-width:800px;\\nmargin:0 auto;&quot;,&quot;background_image_attachment&quot;:false,&quot;background_display&quot;:&quot;tile&quot;}\">\n<div class=\"panel-widget-style panel-widget-style-for-69-1-0-0\">\n<div class=\"textwidget\">\n<p>Schlossinsel<br \/>\n<strong>Denkmalart: Baudenkmal<\/strong>, erbaut 965 als Wallanlage einer slawischen Burg. Ab etwa 1500 wurde der Baukomplex mehrfach umgestaltet.<\/p>\n<p>1845 bis 1857 entstand durch einen Um- und Neubau, nach den Pl\u00e4nen der Architekten Georg Adolf Demmler, Gottfried Semper, Friedrich August St\u00fcler undErnst Friedrich Zwirner, das heutige Schweriner Schloss.<br \/>\nHeute gilt das Schloss in Europa als eins der bedeutendsten Bauwerke des romantischen Historismus. Das Schloss wird auch, wegen seinem romantischen Antlitz und der sicherlich auch dadurch hohen Zahl an Besuchern, \u201eNeuschwanstein des Nordens\u201c genannt.<\/p>\n<p><strong>Ausgef\u00fchrte Arbeiten:<\/strong><\/p>\n<p>Die steinrestauratorischen Arbeiten konzentrierten sich auf die aufw\u00e4ndige Reinigung, Erg\u00e4nzung, Kittung, Neuverfugung und die Retusche, der verschieden behandelten Oberfl\u00e4chen aus Cottaer- sowie Obernkirchnersandstein, Gips, Beton und die Fussbodenplatten aus sog. belgischem Kohlekalkstein und wahrscheinlich Carrara-Marmor. Die Platten wurden fast alle aus- und neu eingebaut, zuvor jedoch wurden sie gereinigt und zur Restaurierung am Oberbaum nach Berlin-Kreuzberg gebracht. Bei der Abnahme von zementhaltigen L\u00e4ufern auf den Sandsteinoberfl\u00e4chen kamen Steinmetzwerkzeuge und Schleifmittel zum Einsatz. Hartn\u00e4ckige und st\u00f6rende Teil\u00fcberfassungen mussten mit Abbeizern behandelt werden. Die Leimfarbfassungen auf dem Chorbogen konnten nur trocken gereinigt werden, da sie anf\u00e4llig auf Feuchtigkeit reagieren. Innerhalb der Fl\u00e4chen, Profile und ornamentalen, bzw. fig\u00fcrlichen Reliefs sind Kittungen von Aus- und Abbr\u00fcchen, sowie Neuverfugungen vorgenommen worden. Bei gr\u00f6\u00dferen Antragungen haben wir Armierungen aus Edelstahldraht eingebaut. Die Verfugung wurde vollst\u00e4ndig ausger\u00e4umt, ohne die Bausubstanz zu besch\u00e4digen, dann ges\u00e4ubert und dem Altbestand entsprechen neuverfugt. W\u00e4hrend der laufenden Arbeiten wurde eine vollst\u00e4ndige Dokumentation, inkl. Fotodokumentation, erstellt.<\/p>\n<p><strong>Zusammengefasste Mengen<\/strong><\/p>\n<ul style=\"float: left;\">\n<li style=\"text-align: left;\">ca. 565cm Reinigung Sockel<\/li>\n<li style=\"text-align: left;\">26 Stk. Reinigung S\u00e4ulen<\/li>\n<li style=\"text-align: left;\">ca. 50m partielle Reinigung<\/li>\n<li style=\"text-align: left;\">ca. 10m Reinigung der Fensterb\u00e4nke<\/li>\n<li style=\"text-align: left;\">82m Reinigung der Fensterlaibung<\/li>\n<li style=\"text-align: left;\">24m dauerelastische Verfugung<\/li>\n<li style=\"text-align: left;\">148 Stk. Eisenteile entfernt<\/li>\n<li style=\"text-align: left;\">31 Stk. Rissverf\u00fcllung mittels Epoxidharz-Injektagen und Schlie\u00dfung mit Steinersatzmasse<\/li>\n<li style=\"text-align: left;\">674 Stk. Kittungen<\/li>\n<li style=\"text-align: left;\">ca. 512m Fugen ausr\u00e4umen und erneuern \u2013 Mineralisch<\/li>\n<li style=\"text-align: left;\">8 Stk. Stichb\u00f6gen reinigen<\/li>\n<li style=\"text-align: left;\">ca. 38m B\u00f6gen reinigen<\/li>\n<li style=\"text-align: left;\">528 Stk. Erg\u00e4nzungenn<\/li>\n<li style=\"text-align: left;\">132m Fries aufnehmen, reinigen und neuverlegen<\/li>\n<li style=\"text-align: left;\">123m\u00b2 Natursteinbodenbelag aufnehmen, reinigen und neuverlegen<\/li>\n<li style=\"text-align: left;\">844 Stk. Reinigung Stufen<\/li>\n<\/ul>\n<\/div>\n<\/div>\n<\/div>\n<\/div>\n<\/div>\n<div id=\"pg-69-2\" class=\"panel-grid panel-no-style\" data-style=\"{&quot;background_display&quot;:&quot;tile&quot;,&quot;cell_alignment&quot;:&quot;flex-start&quot;}\">\n<div id=\"pgc-69-2-0\" class=\"panel-grid-cell\" data-weight=\"1\">\n<div id=\"panel-69-2-0-0\" class=\"so-panel widget widget_text panel-first-child panel-last-child\" data-index=\"2\" data-style=\"{&quot;widget_css&quot;:&quot;max-width:800px;\\nmargin:0 auto;&quot;,&quot;background_image_attachment&quot;:false,&quot;background_display&quot;:&quot;tile&quot;}\">\n<div class=\"panel-widget-style panel-widget-style-for-69-2-0-0\">\n<div class=\"textwidget\">\n<p>Weitere Leistungen: Abbeizen, Austausch Trittstufen, Salzreduzierung, Fu\u00dfbodenunterbau herrichten, Dickbettm\u00f6rtel<br \/>\nf\u00fcr Bodenbelag, Vierungen<\/p>\n<p><a class=\"bttn ap-bg-bttn ap-medium-bttn ap-default-bttn ap-align-none\" href=\"http:\/\/stein-fischer.de\/#section-11\" target=\"_self\" rel=\"noopener\">Zur\u00fcck<\/a><\/p>\n<\/div>\n<\/div>\n<\/div>\n<\/div>\n<\/div>\n<\/div>\n","protected":false},"excerpt":{"rendered":"<p>Schlossinsel Denkmalart: Baudenkmal, erbaut 965 als Wallanlage einer slawischen Burg. Ab etwa 1500 wurde der Baukomplex mehrfach umgestaltet. 1845 bis 1857 entstand durch einen Um- und Neubau, nach den Pl\u00e4nen der Architekten Georg Adolf Demmler, Gottfried Semper, Friedrich August St\u00fcler undErnst Friedrich Zwirner, das heutige Schweriner Schloss. Heute gilt das Schloss in Europa als eins&#8230;<\/p>\n","protected":false},"author":1,"featured_media":0,"parent":0,"menu_order":0,"comment_status":"closed","ping_status":"closed","template":"","meta":{"footnotes":""},"class_list":["post-69","page","type-page","status-publish","hentry"],"_links":{"self":[{"href":"https:\/\/stein-fischer.de\/index.php?rest_route=\/wp\/v2\/pages\/69","targetHints":{"allow":["GET"]}}],"collection":[{"href":"https:\/\/stein-fischer.de\/index.php?rest_route=\/wp\/v2\/pages"}],"about":[{"href":"https:\/\/stein-fischer.de\/index.php?rest_route=\/wp\/v2\/types\/page"}],"author":[{"embeddable":true,"href":"https:\/\/stein-fischer.de\/index.php?rest_route=\/wp\/v2\/users\/1"}],"replies":[{"embeddable":true,"href":"https:\/\/stein-fischer.de\/index.php?rest_route=%2Fwp%2Fv2%2Fcomments&post=69"}],"version-history":[{"count":84,"href":"https:\/\/stein-fischer.de\/index.php?rest_route=\/wp\/v2\/pages\/69\/revisions"}],"predecessor-version":[{"id":694,"href":"https:\/\/stein-fischer.de\/index.php?rest_route=\/wp\/v2\/pages\/69\/revisions\/694"}],"wp:attachment":[{"href":"https:\/\/stein-fischer.de\/index.php?rest_route=%2Fwp%2Fv2%2Fmedia&parent=69"}],"curies":[{"name":"wp","href":"https:\/\/api.w.org\/{rel}","templated":true}]}}